{"id":7032,"date":"2023-10-08T21:32:33","date_gmt":"2023-10-08T20:32:33","guid":{"rendered":"http:\/\/polegaresaintremy.fr\/cms1\/?page_id=7032"},"modified":"2023-10-08T21:36:16","modified_gmt":"2023-10-08T20:36:16","slug":"le-pole-gare","status":"publish","type":"page","link":"https:\/\/polegaresaintremy.fr\/cms1\/index.php\/accueil\/le-pole-gare\/","title":{"rendered":"Le p\u00f4le gare"},"content":{"rendered":"<div class=\"pdfprnt-buttons pdfprnt-buttons-page pdfprnt-top-right\"><a href=\"https:\/\/polegaresaintremy.fr\/cms1\/index.php\/wp-json\/wp\/v2\/pages\/7032?print=pdf\" class=\"pdfprnt-button pdfprnt-button-pdf\" target=\"_blank\"><img src=\"http:\/\/polegaresaintremy.fr\/cms1\/wp-content\/plugins\/pdf-print\/images\/pdf.png\" alt=\"image_pdf\" title=\"View PDF\" \/><\/a><a href=\"https:\/\/polegaresaintremy.fr\/cms1\/index.php\/wp-json\/wp\/v2\/pages\/7032?print=print\" class=\"pdfprnt-button pdfprnt-button-print\" target=\"_blank\"><img src=\"http:\/\/polegaresaintremy.fr\/cms1\/wp-content\/plugins\/pdf-print\/images\/print.png\" alt=\"image_print\" title=\"Print Content\" \/><\/a><\/div>\n<p>Le projet d&rsquo;am\u00e9nagement du p\u00f4le gare fait l&rsquo;objet d&rsquo;une \u00e9tude en cours. La mairie de Saint-R\u00e9my-l\u00e8s-Chevreuse est en charge de l&rsquo;animation des comit\u00e9s de p\u00f4le pour faire avancer le projet avec les diff\u00e9rentes parties prenantes : <\/p>\n\n\n\n<ul>\n<li>Ile de France mobilit\u00e9s<\/li>\n\n\n\n<li>RATP<\/li>\n\n\n\n<li>Le cabinet ARTELIA, en charge de l&rsquo;\u00e9tude<\/li>\n\n\n\n<li>Les soci\u00e9t\u00e9s de transports<\/li>\n\n\n\n<li>Le conseil d\u00e9partemental<\/li>\n\n\n\n<li>les usagers<\/li>\n\n\n\n<li>&#8230;<\/li>\n<\/ul>\n\n\n\n<p>L&rsquo;am\u00e9nagement du p\u00f4le gare ne peut \u00eatre fait ind\u00e9pendamment du reste de la commune. Une interaction avec le futur PLU est indispensable.<\/p>\n\n\n\n<p>Retrouvez nos avis dans les pages ci-dessous<\/p>\n","protected":false},"excerpt":{"rendered":"<p>Le projet d&rsquo;am\u00e9nagement du p\u00f4le gare fait l&rsquo;objet d&rsquo;une \u00e9tude en cours. La mairie de Saint-R\u00e9my-l\u00e8s-Chevreuse est en charge de l&rsquo;animation des comit\u00e9s de p\u00f4le pour faire avancer le projet avec les diff\u00e9rentes parties prenantes : L&rsquo;am\u00e9nagement du p\u00f4le gare ne peut \u00eatre fait ind\u00e9pendamment du reste de la commune. Une interaction avec le futur &hellip; <a href=\"https:\/\/polegaresaintremy.fr\/cms1\/index.php\/accueil\/le-pole-gare\/\" class=\"more-link\">Continue reading <span class=\"screen-reader-text\">Le p\u00f4le gare<\/span><\/a><\/p>\n","protected":false},"author":42,"featured_media":0,"parent":2,"menu_order":11,"comment_status":"closed","ping_status":"closed","template":"","meta":{"_bbp_topic_count":0,"_bbp_reply_count":0,"_bbp_total_topic_count":0,"_bbp_total_reply_count":0,"_bbp_voice_count":0,"_bbp_anonymous_reply_count":0,"_bbp_topic_count_hidden":0,"_bbp_reply_count_hidden":0,"_bbp_forum_subforum_count":0},"_links":{"self":[{"href":"https:\/\/polegaresaintremy.fr\/cms1\/index.php\/wp-json\/wp\/v2\/pages\/7032"}],"collection":[{"href":"https:\/\/polegaresaintremy.fr\/cms1\/index.php\/wp-json\/wp\/v2\/pages"}],"about":[{"href":"https:\/\/polegaresaintremy.fr\/cms1\/index.php\/wp-json\/wp\/v2\/types\/page"}],"author":[{"embeddable":true,"href":"https:\/\/polegaresaintremy.fr\/cms1\/index.php\/wp-json\/wp\/v2\/users\/42"}],"replies":[{"embeddable":true,"href":"https:\/\/polegaresaintremy.fr\/cms1\/index.php\/wp-json\/wp\/v2\/comments?post=7032"}],"version-history":[{"count":2,"href":"https:\/\/polegaresaintremy.fr\/cms1\/index.php\/wp-json\/wp\/v2\/pages\/7032\/revisions"}],"predecessor-version":[{"id":7034,"href":"https:\/\/polegaresaintremy.fr\/cms1\/index.php\/wp-json\/wp\/v2\/pages\/7032\/revisions\/7034"}],"up":[{"embeddable":true,"href":"https:\/\/polegaresaintremy.fr\/cms1\/index.php\/wp-json\/wp\/v2\/pages\/2"}],"wp:attachment":[{"href":"https:\/\/polegaresaintremy.fr\/cms1\/index.php\/wp-json\/wp\/v2\/media?parent=7032"}],"curies":[{"name":"wp","href":"https:\/\/api.w.org\/{rel}","templated":true}]}}