{"id":112,"date":"2015-11-01T23:18:50","date_gmt":"2015-11-01T22:18:50","guid":{"rendered":"http:\/\/polegaresaintremy.fr\/cms1\/?page_id=112"},"modified":"2018-07-01T07:09:43","modified_gmt":"2018-07-01T06:09:43","slug":"calendrier-des-futurs-evenements-majeurs","status":"publish","type":"page","link":"https:\/\/polegaresaintremy.fr\/cms1\/index.php\/accueil\/evenements-majeurs\/calendrier-des-futurs-evenements-majeurs\/","title":{"rendered":"Les futurs \u00e9v\u00e9nements majeurs"},"content":{"rendered":"<div class=\"pdfprnt-buttons pdfprnt-buttons-page pdfprnt-top-right\"><a href=\"https:\/\/polegaresaintremy.fr\/cms1\/index.php\/wp-json\/wp\/v2\/pages\/112?print=pdf\" class=\"pdfprnt-button pdfprnt-button-pdf\" target=\"_blank\"><img src=\"http:\/\/polegaresaintremy.fr\/cms1\/wp-content\/plugins\/pdf-print\/images\/pdf.png\" alt=\"image_pdf\" title=\"View PDF\" \/><\/a><a href=\"https:\/\/polegaresaintremy.fr\/cms1\/index.php\/wp-json\/wp\/v2\/pages\/112?print=print\" class=\"pdfprnt-button pdfprnt-button-print\" target=\"_blank\"><img src=\"http:\/\/polegaresaintremy.fr\/cms1\/wp-content\/plugins\/pdf-print\/images\/print.png\" alt=\"image_print\" title=\"Print Content\" \/><\/a><\/div><p><a title=\"rdv Collectif\" href=\"http:\/\/polegaresaintremy.fr\/cms1\/index.php\/accueil\/evenements-majeurs\/prochains-rendez-vous-du-collectif\/\" target=\"_blank\" rel=\"noopener\">RDV du Collectif<\/a><\/p>\n<hr \/>\n<p><a href=\"http:\/\/polegaresaintremy.fr\/cms1\/index.php\/accueil\/historique-des-evenements\/\">Les \u00e9v\u00e9nements pass\u00e9s<\/a><\/p>\n<hr \/>\n<h2>2018<\/h2>\n<ul>\n<li>Avant-Projet Phase 2 pour appels d&rsquo;offre<\/li>\n<\/ul>\n<hr \/>\n<p><strong>Planning Phase 1<\/strong> dans le Sch\u00e9ma Directeur present\u00e9 en juin 2015 (et valid\u00e9 par le STIF) &#8211; Cliquer sur l&rsquo;image pour l&rsquo;agrandir<\/p>\n<div id=\"envira-gallery-wrap-172\" class=\"envira-gallery-wrap envira-gallery-theme-base envira-lightbox-theme-base\" itemscope itemtype=\"http:\/\/schema.org\/ImageGallery\"><div data-row-height=\"\" data-gallery-theme=\"\" id=\"envira-gallery-172\" class=\"envira-gallery-public  envira-gallery-1-columns envira-clear enviratope envira-gallery-css-animations\" data-envira-columns=\"1\"><div id=\"envira-gallery-item-173\" class=\"envira-gallery-item enviratope-item envira-gallery-item-1\" style=\"padding-left: 5px; padding-bottom: 10px; padding-right: 5px;\"  itemscope itemtype=\"http:\/\/schema.org\/ImageObject\"><div class=\"envira-gallery-item-inner\"><div class=\"envira-gallery-position-overlay  envira-gallery-top-left\"><\/div><div class=\"envira-gallery-position-overlay  envira-gallery-top-right\"><\/div><div class=\"envira-gallery-position-overlay  envira-gallery-bottom-left\"><\/div><div class=\"envira-gallery-position-overlay  envira-gallery-bottom-right\"><\/div><a href=\"http:\/\/polegaresaintremy.fr\/cms1\/wp-content\/uploads\/2015\/11\/RATP-Planning-Ph1-SD-pres-2105-06.png\" class=\"envira-gallery-172 envira-gallery-link\" rel=\"enviragallery172\" title=\"RATP &amp;#8211; Planning Ph1 &amp;#8211; SD pres 2105-06\" data-envira-caption=\"RATP &amp;#8211; Planning Ph1 &amp;#8211; SD pres 2105-06\" data-envira-retina=\"\" data-thumbnail=\"\"  itemprop=\"contentUrl\"><div class=\"envira-lazy\" data-test-width=\"960\" data-test-height=\"300\" style=\"padding-bottom:31.25%;\"><img id=\"envira-gallery-image-173\" class=\"envira-gallery-image envira-gallery-image-1\" data-envira-index=\"1\" src=\"https:\/\/polegaresaintremy.fr\/cms1\/wp-content\/uploads\/2015\/11\/RATP-Planning-Ph1-SD-pres-2105-06-960x300_c.png\" data-envira-src=\"https:\/\/polegaresaintremy.fr\/cms1\/wp-content\/uploads\/2015\/11\/RATP-Planning-Ph1-SD-pres-2105-06-960x300_c.png\" data-envira-gallery-id=\"172\" data-envira-item-id=\"173\" data-envira-caption=\"RATP &amp;#8211; Planning Ph1 &amp;#8211; SD pres 2105-06\" alt=\"\" title=\"RATP &#8211; Planning Ph1 &#8211; SD pres 2105-06\"  itemprop=\"thumbnailUrl\" data-envira-srcset=\"https:\/\/polegaresaintremy.fr\/cms1\/wp-content\/uploads\/2015\/11\/RATP-Planning-Ph1-SD-pres-2105-06-960x300_c.png 400w,https:\/\/polegaresaintremy.fr\/cms1\/wp-content\/uploads\/2015\/11\/RATP-Planning-Ph1-SD-pres-2105-06-960x300_c.png 2x\" srcset=\"data:image\/gif;base64,R0lGODlhAQABAIAAAP\/\/\/\/\/\/\/yH5BAEKAAEALAAAAAABAAEAAAICTAEAOw==\" \/><\/div><\/a><\/div><\/div><\/div><\/div><noscript><img src=\"https:\/\/polegaresaintremy.fr\/cms1\/wp-content\/uploads\/2015\/11\/RATP-Planning-Ph1-SD-pres-2105-06.png\" alt=\"\" \/><\/noscript>\n<p>&nbsp;<\/p>\n<hr \/>\n<div class=\"textLayer\">\n<div data-canvas-width=\"38.4\"><strong>Planning Phase 2<\/strong>, calendrier de principe<\/div>\n<ul>\n<li data-canvas-width=\"649.6865877333332\">Fin novembre : d\u00e9signation par la RATP d\u2019un architecte\u2013paysagiste, travail collaboratif en lien avec la Ville<\/li>\n<li data-canvas-width=\"649.6865877333332\">D\u00e9cision avec ou sans voie 12 pour fin 2015<\/li>\n<li data-canvas-width=\"649.6865877333332\">Sch\u00e9ma de principe : T2 2016 <span style=\"color: #0000ff;\">-&gt; T3 2016<\/span><\/li>\n<li data-canvas-width=\"649.6865877333332\">Enqu\u00eate publique environnementale : hiver 2018<\/li>\n<li data-canvas-width=\"649.6865877333332\">Avant-Projet mi 2018, en tenant compte :\n<ul>\n<li data-canvas-width=\"649.6865877333332\">de la longueur du futur mat\u00e9riel roulant<\/li>\n<li data-canvas-width=\"649.6865877333332\">de l\u2019\u00e9ventualit\u00e9 d\u2019un parking en ouvrage dans le cadre du projet de p\u00f4le PDU<\/li>\n<\/ul>\n<\/li>\n<\/ul>\n<\/div>\n","protected":false},"excerpt":{"rendered":"<p>RDV du Collectif Les \u00e9v\u00e9nements pass\u00e9s 2018 Avant-Projet Phase 2 pour appels d&rsquo;offre Planning Phase 1 dans le Sch\u00e9ma Directeur present\u00e9 en juin 2015 (et valid\u00e9 par le STIF) &#8211; Cliquer sur l&rsquo;image pour l&rsquo;agrandir &nbsp; Planning Phase 2, calendrier de principe Fin novembre : d\u00e9signation par la RATP d\u2019un architecte\u2013paysagiste, travail collaboratif en lien &hellip; <a href=\"https:\/\/polegaresaintremy.fr\/cms1\/index.php\/accueil\/evenements-majeurs\/calendrier-des-futurs-evenements-majeurs\/\" class=\"more-link\">Continue reading <span class=\"screen-reader-text\">Les futurs \u00e9v\u00e9nements majeurs<\/span><\/a><\/p>\n","protected":false},"author":1,"featured_media":0,"parent":123,"menu_order":50,"comment_status":"closed","ping_status":"closed","template":"","meta":{"_bbp_topic_count":0,"_bbp_reply_count":0,"_bbp_total_topic_count":0,"_bbp_total_reply_count":0,"_bbp_voice_count":0,"_bbp_anonymous_reply_count":0,"_bbp_topic_count_hidden":0,"_bbp_reply_count_hidden":0,"_bbp_forum_subforum_count":0},"_links":{"self":[{"href":"https:\/\/polegaresaintremy.fr\/cms1\/index.php\/wp-json\/wp\/v2\/pages\/112"}],"collection":[{"href":"https:\/\/polegaresaintremy.fr\/cms1\/index.php\/wp-json\/wp\/v2\/pages"}],"about":[{"href":"https:\/\/polegaresaintremy.fr\/cms1\/index.php\/wp-json\/wp\/v2\/types\/page"}],"author":[{"embeddable":true,"href":"https:\/\/polegaresaintremy.fr\/cms1\/index.php\/wp-json\/wp\/v2\/users\/1"}],"replies":[{"embeddable":true,"href":"https:\/\/polegaresaintremy.fr\/cms1\/index.php\/wp-json\/wp\/v2\/comments?post=112"}],"version-history":[{"count":21,"href":"https:\/\/polegaresaintremy.fr\/cms1\/index.php\/wp-json\/wp\/v2\/pages\/112\/revisions"}],"predecessor-version":[{"id":1042,"href":"https:\/\/polegaresaintremy.fr\/cms1\/index.php\/wp-json\/wp\/v2\/pages\/112\/revisions\/1042"}],"up":[{"embeddable":true,"href":"https:\/\/polegaresaintremy.fr\/cms1\/index.php\/wp-json\/wp\/v2\/pages\/123"}],"wp:attachment":[{"href":"https:\/\/polegaresaintremy.fr\/cms1\/index.php\/wp-json\/wp\/v2\/media?parent=112"}],"curies":[{"name":"wp","href":"https:\/\/api.w.org\/{rel}","templated":true}]}}

Les futurs événements majeurs

<div class="pdfprnt-buttons pdfprnt-buttons-page pdfprnt-top-right"><a href="https://polegaresaintremy.fr/cms1/index.php/wp-json/wp/v2/pages/112?print=pdf" class="pdfprnt-button pdfprnt-button-pdf" target="_blank"><img src="http://polegaresaintremy.fr/cms1/wp-content/plugins/pdf-print/images/pdf.png" alt="image_pdf" title="View PDF" /></a><a href="https://polegaresaintremy.fr/cms1/index.php/wp-json/wp/v2/pages/112?print=print" class="pdfprnt-button pdfprnt-button-print" target="_blank"><img src="http://polegaresaintremy.fr/cms1/wp-content/plugins/pdf-print/images/print.png" alt="image_print" title="Print Content" /></a></div><p><a title="rdv Collectif" href="http://polegaresaintremy.fr/cms1/index.php/accueil/evenements-majeurs/prochains-rendez-vous-du-collectif/" target="_blank" rel="noopener">RDV du Collectif</a></p>
<hr />
<p><a href="http://polegaresaintremy.fr/cms1/index.php/accueil/historique-des-evenements/">Les événements passés</a></p>
<hr />
<h2>2018</h2>
<ul>
<li>Avant-Projet Phase 2 pour appels d&rsquo;offre</li>
</ul>
<hr />
<p><strong>Planning Phase 1</strong> dans le Schéma Directeur presenté en juin 2015 (et validé par le STIF) &#8211; Cliquer sur l&rsquo;image pour l&rsquo;agrandir</p>
<div id="envira-gallery-wrap-172" class="envira-gallery-wrap envira-gallery-theme-base envira-lightbox-theme-base" itemscope itemtype="http://schema.org/ImageGallery"><div data-row-height="" data-gallery-theme="" id="envira-gallery-172" class="envira-gallery-public  envira-gallery-1-columns envira-clear enviratope envira-gallery-css-animations" data-envira-columns="1"><div id="envira-gallery-item-173" class="envira-gallery-item enviratope-item envira-gallery-item-1" style="padding-left: 5px; padding-bottom: 10px; padding-right: 5px;"  itemscope itemtype="http://schema.org/ImageObject"><div class="envira-gallery-item-inner"><div class="envira-gallery-position-overlay  envira-gallery-top-left"></div><div class="envira-gallery-position-overlay  envira-gallery-top-right"></div><div class="envira-gallery-position-overlay  envira-gallery-bottom-left"></div><div class="envira-gallery-position-overlay  envira-gallery-bottom-right"></div><a href="http://polegaresaintremy.fr/cms1/wp-content/uploads/2015/11/RATP-Planning-Ph1-SD-pres-2105-06.png" class="envira-gallery-172 envira-gallery-link" rel="enviragallery172" title="RATP &amp;#8211; Planning Ph1 &amp;#8211; SD pres 2105-06" data-envira-caption="RATP &amp;#8211; Planning Ph1 &amp;#8211; SD pres 2105-06" data-envira-retina="" data-thumbnail=""  itemprop="contentUrl"><div class="envira-lazy" data-test-width="960" data-test-height="300" style="padding-bottom:31.25%;"><img id="envira-gallery-image-173" class="envira-gallery-image envira-gallery-image-1" data-envira-index="1" src="https://polegaresaintremy.fr/cms1/wp-content/uploads/2015/11/RATP-Planning-Ph1-SD-pres-2105-06-960x300_c.png" data-envira-src="https://polegaresaintremy.fr/cms1/wp-content/uploads/2015/11/RATP-Planning-Ph1-SD-pres-2105-06-960x300_c.png" data-envira-gallery-id="172" data-envira-item-id="173" data-envira-caption="RATP &amp;#8211; Planning Ph1 &amp;#8211; SD pres 2105-06" alt="" title="RATP &#8211; Planning Ph1 &#8211; SD pres 2105-06"  itemprop="thumbnailUrl" data-envira-srcset="https://polegaresaintremy.fr/cms1/wp-content/uploads/2015/11/RATP-Planning-Ph1-SD-pres-2105-06-960x300_c.png 400w,https://polegaresaintremy.fr/cms1/wp-content/uploads/2015/11/RATP-Planning-Ph1-SD-pres-2105-06-960x300_c.png 2x" srcset="data:image/gif;base64,R0lGODlhAQABAIAAAP///////yH5BAEKAAEALAAAAAABAAEAAAICTAEAOw==" /></div></a></div></div></div></div><noscript><img src="https://polegaresaintremy.fr/cms1/wp-content/uploads/2015/11/RATP-Planning-Ph1-SD-pres-2105-06.png" alt="" /></noscript>
<p>&nbsp;</p>
<hr />
<div class="textLayer">
<div data-canvas-width="38.4"><strong>Planning Phase 2</strong>, calendrier de principe</div>
<ul>
<li data-canvas-width="649.6865877333332">Fin novembre : désignation par la RATP d’un architecte–paysagiste, travail collaboratif en lien avec la Ville</li>
<li data-canvas-width="649.6865877333332">Décision avec ou sans voie 12 pour fin 2015</li>
<li data-canvas-width="649.6865877333332">Schéma de principe : T2 2016 <span style="color: #0000ff;">-&gt; T3 2016</span></li>
<li data-canvas-width="649.6865877333332">Enquête publique environnementale : hiver 2018</li>
<li data-canvas-width="649.6865877333332">Avant-Projet mi 2018, en tenant compte :
<ul>
<li data-canvas-width="649.6865877333332">de la longueur du futur matériel roulant</li>
<li data-canvas-width="649.6865877333332">de l’éventualité d’un parking en ouvrage dans le cadre du projet de pôle PDU</li>
</ul>
</li>
</ul>
</div>

<p>RDV du Collectif Les événements passés 2018 Avant-Projet Phase 2 pour appels d&rsquo;offre Planning Phase 1 dans le Schéma Directeur presenté en juin 2015 (et validé par le STIF) &#8211; Cliquer sur l&rsquo;image pour l&rsquo;agrandir &nbsp; Planning Phase 2, calendrier de principe Fin novembre : désignation par la RATP d’un architecte–paysagiste, travail collaboratif en lien &hellip; <a href="https://polegaresaintremy.fr/cms1/index.php/accueil/evenements-majeurs/calendrier-des-futurs-evenements-majeurs/" class="more-link">Continue reading <span class="screen-reader-text">Les futurs événements majeurs</span></a></p>
